06.
702
What is the remainder when 1365 is divided by 53?
40
What is the remainder when 9109 is divided by 2240?
149
Calculate the remainder when 6834 is divided by 1914.
1092
What is the remainder when 15775 is divided by 13?
6
Calculate the remainder when 2204 is divided by 1030.
144
What is the remainder when 85 is divided by 17?
0
What is the remainder when 3113 is divided by 1329?
455
What is the remainder when 22022 is divided by 1818?
206
What is the remainder when 1804 is divided by 938?
866
What is the remainder when 108042 is divided by 3483?
69
What is the remainder when 12796 is divided by 512?
508
Calculate the remainder when 17757 is divided by 87.
9
Calculate the remainder when 798767 is divided by 48.
47
Calculate the remainder when 155078 is divided by 9.
8
What is the remainder when 645 is divided by 206?
27
What is the remainder when 170485 is divided by 34096?
5
What is the remainder when 65563 is divided by 32781?
1
Calculate the remainder when 9825 is divided by 63.
60
Calculate the remainder when 94967 is divided by 15821.
41
Calculate the remainder when 41906 is divided by 41861.
45
What is the remainder when 7663 is divided by 1661?
1019
What is the remainder when 7775 is divided by 939?
263
What is the remainder when 2799 is divided by 240?
159
Calculate the remainder when 31679 is divided by 192.
191
Calculate the remainder when 50872 is divided by 1884.
4
What is the remainder when 227424 is divided by 430?
384
What is the remainder when 11152 is divided by 5345?
462
What is the remainder when 3801 is divided by 89?
63
Calculate the remainder when 110404 is divided by 45.
19
Calculate the remainder when 687790 is divided by 89.
87
What is the remainder when 2879 is divided by 149?
48
Calculate the remainder when 2293 is divided by 400.
293
Calculate the remainder when 57064 is divided by 310.
24
What is the remainder when 70518 is divided by 215?
213
What is the remainder when 280 is divided by 11?
5
What is the remainder when 5980 is divided by 273?
247
Calculate the remainder when 482 is divided by 4.
2
Calculate the remainder when 1886 is divided by 582.
140
What is the remainder when 1641 is divided by 504?
129
Calculate the remainder when 2298 is divided by 337.
276
What is the remainder when 20294 is divided by 146?
0
Calculate the remainder when 915056 is divided by 202.
198
Calculate the remainder when 45427 is divided by 28.
11
What is the remainder when 4416 is divided by 18?
6
What is the remainder when 7189 is divided by 554?
541
What is the remainder when 898162 is divided by 137?
127
Calculate the remainder when 33 is divided by 19.
14
Calculate the remainder when 13513 is divided by 147.
136
Calculate the remainder when 61975 is divided by 127.
126
What is the remainder when 642 is divided by 506?
136
What is the remainder when 1413 is divided by 317?
145
What is the remainder when 6450 is divided by 1955?
585
Calculate the remainder when 2783 is divided by 372.
179
What is the remainder when 371247 is divided by 55?
52
Calculate the remainder when 1898 is divided by 50.
48
What is the remainder when 14961 is divided by 87?
84
What is the remainder when 11668 is divided by 2912?
20
What is the remainder when 1242 is divided by 181?
156
Calculate the remainder when 3409 is divided by 3311.
98
Calculate the remainder when 80366 is divided by 30.
26
What is the remainder when 3266 is divided by 650?
16
What is the remainder when 2930 is divided by 738?
716
What is the remainder when 106968 is divided by 465?
18
Calculate the remainder when 7753 is divided by 431.
426
Calculate the remainder when 1001 is divided by 998.
3
Calculate the remainder when 33333 is divided by 6.
3
What is the remainder when 12524 is divided by 8?
4
What is the remainder when 14164 is divided by 6836?
492
What is the remainder when 501322 is divided by 11?
8
Calculate the remainder when 4501 is divided by 172.
29
What is the remainder when 2852 is divided by 124?
0
Calculate the remainder when 355571 is divided by 119.
118
What is the remainder when 11844 is divided by 1716?
1548
Calculate the remainder when 2350 is divided by 90.
10
What is the remainder when 1192 is divided by 701?
491
Calculate the remainder when 14180 is divided by 3545.
0
What is the remainder when 26398 is divided by 100?
98
What is the remainder when 10022472 is divided by 22?
20
Calculate the remainder when 1418 is divided by 1.
0
What is the remainder when 3036 is divided by 10?
6
What is the remainder when 797758 is divided by 99718?
14
Calculate the remainder when 12566 is divided by 370.
356
Calculate the remainder when 41923 is divided by 20951.
21
What is the remainder when 4949 is divided by 106?
73
What is the remainder when 59464 is divided by 93?
37
Calculate the remainder when 962 is divided by 83.
49
Calculate the remainder when 1133 is divided by 67.
61
What is the remainder when 46380 is divided by 208?
204
What is the remainder when 79946 is divided by 7?
6
What is the remainder when 1695755 is divided by 31?
24
Calculate the remainder when 3196 is divided by 191.
140
Calculate the remainder when 13159 is divided by 35.
34
Calculate the remainder when 66113 is divided by 152.
145
Calculate the remainder when 15687 is divided by 7.
0
Calculate the remainder when 1640 is divided by 513.
101
What is the remainder when 5923 is divided by 3654?
2269
What is the remainder when 223506 is divided by 15961?
52
Calculate the remainder when 87415 is divided by 18.
7
Calculate the remainder when 6387 is divided by 916.
891
Calculate the remainder when 15892 is divided by 85.
82
What is the remainder when 3910 is divided by 156?
10
What is the remainder when 1276106 is divided by 18?
14
Calculate the remainder when 317996 is divided by 484.
8
Calculate the remainder when 18129 is divided by 1005.
39
Calculate the remainder when 20226 is divided by 20217.
9
What is the remainder when 3166 is divided by 1508?
150
Calculate the remainder when 12094 is divided by 41.
40
Calculate the remainder when 1136347 is divided by 50.
47
Calculate the remainder when 346998 is divided by 107.
104
Calculate the remainder when 4541 is divided by 1491.
68
What is the remainder when 43176 is divided by 1135?
46
Calculate the remainder when 38834 is divided by 48.
2
What is the remainder when 2960 is divided by 1470?
20
Calculate the remainder when 33799 is divided by 14.
3
What is the remainder when 4384 is divided by 2164?
56
What is the remainder when 5316 is divided by 2574?
168
What is the remainder when 6702 is divided by 103?
7
What is the remainder when 29512 is divided by 2680?
32
Calculate the remainder when 7612 is divided by 141.
139
What is the remainder when 89355 is divided by 29779?
18
What is the remainder when 4456 is divided by 740?
16
What is the remainder when 774 is divided by 85?
9
What is the remainder when 46115 is divided by 255?
215
What is the remainder when 1237547 is divided by 39?
38
What is the remainder when 189022 is divided by 176?
174
What is the remainder when 229 is divided by 64?
37
What is the remainder when 994257 is divided by 681?
678
What is the remainder when 3894 is divided by 212?
78
Calculate the remainder when 76117 is divided by 440.
437
What is the remainder when 92299 is divided by 464?
427
What is the remainder when 700408 is divided by 2042?
2
Calculate the remainder when 4793 is divided by 1572.
77
Calculate the remainder when 14388 is divided by 27.
24
What is the remainder when 9717 is divided by 90?
87
Calculate the remainder when 75168 is divided by 308.
16
Calculate the remainder when 1531545 is divided by 81.
78
Calculate the remainder when 76388 is divided by 19093.
16
What is the remainder when 1192914 is divided by 20?
14
Calculate the remainder when 6538 is divided by 6535.
3
Calculate the remainder when 8923 is divided by 1256.
131
Calculate the remainder when 564061 is divided by 11751.
13
What is the remainder when 475128 is divided by 13?
4
What is the remainder when 1064561 is divided by 74?
71
Calculate the remainder when 3225 is divided by 1057.
54
What is the remainder when 12931 is divided by 1813?
240
What is the remainder when 75252 is divided by 9?
3
Calculate the remainder when 781 is divide